ided by 18?
14
Suppose 71*g - 4687 = 2768. Calculate the remainder when 4932 is divided by g.
102
Let r(f) = -792*f - 237. What is the remainder when r(-1) is divided by 55?
5
Let b = -6772 - -7908. Calculate the remainder when b is divided by 33.
14
Suppose y = -1, 2*y - 173 = 3*n + 4*y. Let v = 136 + n. Suppose -v = -3*d + 74. What is the remainder when d is divided by 6?
3
Suppose 3*z = 38 - 5. Let d = -11458 - -11500. Calculate the remainder when d is divided by z.
9
Suppose -5*u = 3*a - 10*u - 173, 0 = -3*a + 3*u + 183. Suppose 4213 - 4201 = n. What is the remainder when a is divided by n?
6
Let g = 2116 + -2048. What is the remainder when 106 is divided by g?
38
Suppose m - 748 = -5*a, 1314*a = 4*m + 1313*a - 3097. Calculate the remainder when m is divided by 19.
13
Let y = -1 + 4. Let t = 21 - y. Let d = 76946 - 76913. Calculate the remainder when d is divided by t.
15
Let c(f) = 2*f - 2 + f**2 + 0*f**2 - 4*f - 4*f**3 - 7*f**3. Calculate the remainder when 70 is divided by c(-1).
10
Suppose 924 = 5*y - 2*u - 1469, 4*y - 1930 = -u. What is the remainder when 488 is divided by y?
7
Suppose -1564 = -s - 5*y, 0 = -3*s - 11*y + 6*y + 4712. Calculate the remainder when s is divided by 15.
14
What is the remainder when 1509 is divided by ((-6360)/(9 + -24))/(0 - -2)?
25
Let f(y) = 260*y - 5946. Suppose 0 = -4*c - 730 + 2350. What is the remainder when c is divided by f(23)?
31
Suppose -2*i = 2*i + 3*v - 31, 4*v - 18 = -2*i. Suppose i = -3*u + 49. Let f = 52411 - 52357. What is the remainder when f is divided by u?
12
Let b(z) = z**2 - 2*z - 5. Suppose -52*t + 209 - 127 + 750 = 0. What is the remainder when b(8) is divided by t?
11
Calculate the remainder when (3/3)/((-108724)/43512 + 20/8) is divided by 256.
9
What is the remainder when 1/1*6 - (-65)/26*40 is divided by 33?
7
Suppose 865*z - 6930 = 6910. Suppose -3*u - 2*f - f + 12 = 0, u + 4*f = 4. What is the remainder when z is divided by u?
0
Let a = -20677 + 20715. Calculate the remainder when 1399 is divided by a.
31
Calculate the remainder when 213 is divided by (-21)/63 + 296/24.
9
Let u(j) = -11*j - 13. Let x be u(-3). Suppose -41 = -x*t + 139. What is the remainder when 39 is divided by t?
3
Let y be (2*(-15)/70)/((-5)/35). Let z(f) = 16*f**3 - 40*f**2 - f - 3. Calculate the remainder when 262 is divided by z(y).
64
Let n be 6*2/12 - 13. What is the remainder when 131 is divided by -1 + (-10)/n + (-1112)/(-48)?
16
Let u = 41654 - 36740. Calculate the remainder when u is divided by 205.
199
Suppose -112 - 248 = -18*p. Let f(i) = 14*i - 171. What is the remainder when f(p) is divided by 22?
21
Let u = 191 - 161. Let a = u - 7. What is the remainder when a is divided by 16?
7
Suppose 0*z + z = 0, -5*h + 3*z + 250 = 0. What is the remainder when 79 is divided by h?
29
Let y(t) = -t**3 - 82*t**2 + 354*t + 873. What is the remainder when 481 is divided by y(-86)?
0
Suppose 6*n = 2*n + 4. Let h(m) = 7*m**3 + m**2 - m - 1. Let g(i) = 14*i**3 + 2*i**2 - i. What is the remainder when g(1) is divided by h(n)?
3
Suppose 1627 = 3*f - 2*n + n, 2156 = 4*f - 4*n. What is the remainder when (15*(-15)/(-450))/(2/f) is divided by 63?
10
Let w(x) be the first derivative of x**4/4 + 4*x**3/3 + 3*x - 3. Let j(y) = 19*y**3 - 32*y**2 + 9*y + 3. Calculate the remainder when j(2) is divided by w(-3).
9
What is the remainder when ((-2310)/(-12) + 10)/((-15)/(-40)) is divided by 22?
12
Let f(a) = a + 82. Let y be f(6). Suppose -2*w = -5*g + 2*g - 37, 5*w - 3*g = y. Calculate the remainder when 253 is divided by w.
15
Let w(d) = d**3 - 47*d**2 + 293*d + 1. What is the remainder when w(40) is divided by 18?
17
Suppose 104650 = -7046*n + 7069*n. Calculate the remainder when n is divided by 1136.
6
Let j = -296 - -321. Suppose -5*l - 3*p = -122, 26*p - 4 = j*p. Suppose 3*r - 47 = 136. Calculate the remainder when r is divided by l.
17
Suppose -3*o - 1879 - 35 = 0. Let p = -391 - o. What is the remainder when p is divided by (-2 + (-110)/(-60))/((-1)/186)?
30
Suppose 356 = 4*f - 2*p, -481*f + 482*f + 2*p - 104 = 0. What is the remainder when f is divided by 37?
18
Suppose 3*u = -5*w + 128, w = -5*u - 0*w + 228. Suppose 0 = -3*h + 11 + u. What is the remainder when h is divided by 6?
1
Suppose -i - 2*m = -95, -112 - 194 = -3*i - 3*m. Calculate the remainder when 467 is divided by i.
31
Let i be (-1)/4 - 10121/(-116). Suppose -i*x + 16*x + 426 = 0. Let h = 90 + -62. What is the remainder when h is divided by x?
4
Suppose 3*z + 14*d - 10*d - 1307 = 0, 5*z - 2159 = 3*d. What is the remainder when z is divided by 70?
13
Let c be (1 + 1 - 2) + 16. Let v(m) = 40 - c + 7*m - 3*m. What is the remainder when v(9) is divided by 21?
18
Suppose i + 9 = -2*v, -5*i + 2*v = -v - 7. What is the remainder when (2 - 1)*((-103)/i + 6) is divided by 28?
25
Let r(j) = -j**2 + 387*j - 1908. Let p be r(5). Let v(i) = -3*i**2 - i + 3. Let o be v(3). Calculate the remainder when o/18 + 63/p is divided by 16.
14
Let r(t) = -t**3 + 10*t**2 - 7*t + 11. Let g = -62 - -113. Suppose 56*d - g*d = 45. Calculate the remainder when 114 is divided by r(d).
27
Let j = 1 - -10. What is the remainder when -3 + (11 - (13 - 34)) - 1*4 is divided by j?
3
Suppose 5*o + 61 = -3*v + 271, 331 = 5*v + 2*o. What is the remainder when 14299 is divided by v?
64
Let s = -4057 + 4350. Calculate the remainder when s is divided by 47.
11
Let o = -2058 + 2115. Calculate the remainder when 145 is divided by o.
31
Let p(f) = 167*f - 1165. What is the remainder when p(9) is divided by 88?
74
Let a(g) = -8*g - 15. Let o(u) = 61*u - 310. Let p be o(5). Calculate the remainder when (-6*30/4)/(-1) is divided by a(p).
20
Let s be 196/21*(-12)/(-16). Let h be (8/10)/((-1)/(-775)). Suppose -3*i + h = s*i. What is the remainder when i is divided by 18?
8
Let t(y) = 3*y**2 - 29*y + 22. Let w be t(9). Suppose -f - 3*f = z - 297, -f + w*z = -70. What is the remainder when f is divided by 19?
17
Let j(z) = 1 + 4*z + 2 + 0*z - z**2 - 7*z. Calculate the remainder when 3*(-8)/96*-52 is divided by j(-3).
1
What is the remainder when (-2)/6 - ((-8400)/36 - -12) is divided by 7?
4
Suppose 4*f - 36 = f. Let k = 52 + -46. Calculate the remainder when 152/k + (-4)/f is divided by 15.
10
Suppose 0*f + 8 = f - k, -10 = 2*k. Suppose 2*u + 2*n - 18 = 0, 3*n + 5 = -4. What is the remainder when f is divided by (-3)/(-2) - 6/u?
0
Suppose -196*q = -198*q + 90. What is the remainder when 1483 is divided by q?
43
Suppose -2*g + 3*q + 23 = -38, 5*g + 4*q - 187 = 0. Let r = -23 + g. Calculate the remainder when 36 is divided by r.
0
Suppose 76 = -4*o - 16. Let c = o + 27. Suppose -4*s + 99 = 3*w - c*w, -4*s + 3*w + 105 = 0. What is the remainder when 45 is divided by s?
21
Let k(o) = -2*o**3 + 55*o**2 + 27*o + 51. Let i(j) = -13*j - 54. What is the remainder when i(-25) is divided by k(28)?
18
Calculate the remainder when (-49 + 4)/9 + 0 + 292 is divided by 72.
71
Suppose 8*q + 1408 - 3064 = 0. Calculate the remainder when q is divided by 70.
67
Let w(a) = 5*a**2 - 71*a + 9. Let m be w(14). Let c(t) = -t**2 - 2*t**2 - 13*t - 9 - t**3 - 4*t**2. What is the remainder when 17 is divided by c(m)?
5
Let c = -13252 + 13261. Calculate the remainder when 276 is divided by c.
6
Suppose 5 = -r + 7. Suppose 2*c + r*k = k + 22, c - k - 17 = 0. Let n = -28 + 51. Calculate the remainder when n is divided by c.
10
Suppose -d - 3*o + 182 = 0, 3*o = -4*d + 705 + 23. Suppose 5*u + 447 = 2*k - d, u - 325 = -k. Calculate the remainder when k is divided by 81.
79
Let n(p) = -19*p**2 + 9*p - 656. Let d(r) = -7*r**2 + 3*r - 218. Let s(u) = 8*d(u) - 3*n(u). Calculate the remainder when s(0) is divided by 23.
17
Let m be 6 - 8 - -484 - -2. Suppose -11*c + 1224 = 5*v - 12*c, 2*v + c - m = 0. What is the remainder when v is divided by 63?
55
Let s = 7 + 22. Let r(t) = 46*t + 3386. What is the remainder when s is divided by r(-73)?
1
Suppose -6514 = -12*u + 1358. What is the remainder when u is divided by 3?
2
Let q be -700 + 0/(5 + (-3 - 4)). What is the remainder when (1 - (-57)/(-21))*q/40 is divided by 3?
0
Suppose -2*z + 18 + 204 = 0. Let p = -65 + z. What is the remainder when 642 is divided by p?
44
Calculate the remainder when 476 is divided by (-12)/9*(-7056)/98.
92
Let f(y) = 5*y**2 + 235*y + 236. Calculate the remain